{"id":33,"date":"2022-09-27T11:54:45","date_gmt":"2022-09-27T09:54:45","guid":{"rendered":"https:\/\/ecosourcing24.com\/zertifizierungen\/?page_id=33"},"modified":"2022-09-30T20:45:30","modified_gmt":"2022-09-30T18:45:30","slug":"sustainability-reporting-standard-sri","status":"publish","type":"page","link":"https:\/\/ecosourcing24.com\/zertifizierungen\/sustainability-reporting-standard-sri\/","title":{"rendered":"Standards f\u00fcr Berichterstattung"},"content":{"rendered":"\n<p>Die Nachhaltigkeit fu\u00dft auf drei S\u00e4ulen und ist aus diesem Grund schwer \u00fcberschaubar. Dar\u00fcber hinaus sagt die Berichterstattung nur wenig \u00fcber die tats\u00e4chliche Nachhaltigkeit eines Unternehmens aus. F\u00fcr eine entsprechende Einordnung haben sich Standards wie der \u201cGlobal Compact\u201d oder \u201cGRI\u201d als hilfreich erwiesen.<\/p>\n\n\n\n<p>Der Global Compact ist eine Vereinigung, der Unternehmen und auch Organisation beitraten k\u00f6nnen. Der Beitritt fu\u00dft auf verschiedenen sozialen und \u00f6kologischen Prinzipien, \u00fcber die internen Fortschritte soll j\u00e4hrlich berichtet werden.&nbsp;<\/p>\n\n\n<ul class=\"wp-block-latest-posts__list wp-block-latest-posts\"><li><a class=\"wp-block-latest-posts__post-title\" href=\"https:\/\/ecosourcing24.com\/zertifizierungen\/sustainability-reporting-standard-sri\/\">Sustainability Reporting Standard (SRI)<\/a><div class=\"wp-block-latest-posts__post-excerpt\">Der Sustainability Reporting Standard (SRI) von der GRI ist bislang der umfangreichste Standard mit 120 In..<div class=\"clear-fix\"><\/div><a href=\"https:\/\/ecosourcing24.com\/zertifizierungen\/sustainability-reporting-standard-sri\/\" title=\"read more...\">Read more<\/a><\/div><\/li>\n<\/ul>","protected":false},"excerpt":{"rendered":"<p>Die Nachhaltigkeit fu\u00dft auf drei S\u00e4ulen und ist aus diesem Grund schwer \u00fcberschaubar. Dar\u00fcber hinaus sagt die Berichterstattung nur wenig \u00fcber die tats\u00e4chliche Nachhaltigkeit eines Unternehmens aus. F\u00fcr eine entsprechende Einordnung haben sich Standards wie der \u201cGlobal Compact\u201d oder \u201cGRI\u201d als hilfreich erwiesen. Der Global Compact ist eine Vereinigung, der Unternehmen und auch Organisation..<\/p>\n<div class=\"clear-fix\"><\/div>\n<p><a href=\"https:\/\/ecosourcing24.com\/zertifizierungen\/sustainability-reporting-standard-sri\/\" title=\"read more...\">Read more<\/a><\/p>\n<p><a href=\"https:\/\/ecosourcing24.com\/zertifizierungen\/sustainability-reporting-standard-sri\/\">Mehr lesen<\/a><\/p>","protected":false},"author":1,"featured_media":0,"parent":0,"menu_order":0,"comment_status":"closed","ping_status":"closed","template":"","meta":{"footnotes":""},"class_list":["post-33","page","type-page","status-publish","hentry"],"yoast_head":"<!-- This site is optimized with the Yoast SEO plugin v19.7.1 - https:\/\/yoast.com\/wordpress\/plugins\/seo\/ -->\n<title>Standards f\u00fcr die CSR -Berichterstattung<\/title>\n<meta name=\"description\" content=\"Die Nachhaltigkeit fu\u00dft auf drei S\u00e4ulen und ist aus diesem Grund schwer \u00fcberschaubar. Dar\u00fcber hinaus sagt die Berichterstattung nur wenig \u00fcber die tats\u00e4chliche Nachhaltigkeit eines Unternehmens aus.\" \/>\n<meta name=\"robots\" content=\"index, follow, max-snippet:-1, max-image-preview:large, max-video-preview:-1\" \/>\n<link rel=\"canonical\" href=\"https:\/\/ecosourcing24.com\/zertifizierungen\/sustainability-reporting-standard-sri\/\" \/>\n<meta property=\"og:locale\" content=\"de_DE\" \/>\n<meta property=\"og:type\" content=\"article\" \/>\n<meta property=\"og:title\" content=\"Standards f\u00fcr die CSR -Berichterstattung\" \/>\n<meta property=\"og:description\" content=\"Die Nachhaltigkeit fu\u00dft auf drei S\u00e4ulen und ist aus diesem Grund schwer \u00fcberschaubar. Dar\u00fcber hinaus sagt die Berichterstattung nur wenig \u00fcber die tats\u00e4chliche Nachhaltigkeit eines Unternehmens aus.\" \/>\n<meta property=\"og:url\" content=\"https:\/\/ecosourcing24.com\/zertifizierungen\/sustainability-reporting-standard-sri\/\" \/>\n<meta property=\"og:site_name\" content=\"ECOSOURCING24 ZERTIFIZIERUNGEN\" \/>\n<meta property=\"article:publisher\" content=\"https:\/\/www.facebook.com\/HalloNachhaltigkeitde-Nachhaltige-Hersteller-111083121247062\" \/>\n<meta property=\"article:modified_time\" content=\"2022-09-30T18:45:30+00:00\" \/>\n<meta name=\"twitter:card\" content=\"summary_large_image\" \/>\n<meta name=\"twitter:label1\" content=\"Gesch\u00e4tzte Lesezeit\" \/>\n\t<meta name=\"twitter:data1\" content=\"1\u00a0Minute\" \/>\n<script type=\"application\/ld+json\" class=\"yoast-schema-graph\">{\"@context\":\"https:\/\/schema.org\",\"@graph\":[{\"@type\":\"WebPage\",\"@id\":\"https:\/\/ecosourcing24.com\/zertifizierungen\/sustainability-reporting-standard-sri\/\",\"url\":\"https:\/\/ecosourcing24.com\/zertifizierungen\/sustainability-reporting-standard-sri\/\",\"name\":\"Standards f\u00fcr die CSR -Berichterstattung\",\"isPartOf\":{\"@id\":\"https:\/\/ecosourcing24.com\/zertifizierungen\/#website\"},\"datePublished\":\"2022-09-27T09:54:45+00:00\",\"dateModified\":\"2022-09-30T18:45:30+00:00\",\"description\":\"Die Nachhaltigkeit fu\u00dft auf drei S\u00e4ulen und ist aus diesem Grund schwer \u00fcberschaubar. Dar\u00fcber hinaus sagt die Berichterstattung nur wenig \u00fcber die tats\u00e4chliche Nachhaltigkeit eines Unternehmens aus.\",\"breadcrumb\":{\"@id\":\"https:\/\/ecosourcing24.com\/zertifizierungen\/sustainability-reporting-standard-sri\/#breadcrumb\"},\"inLanguage\":\"de\",\"potentialAction\":[{\"@type\":\"ReadAction\",\"target\":[\"https:\/\/ecosourcing24.com\/zertifizierungen\/sustainability-reporting-standard-sri\/\"]}]},{\"@type\":\"BreadcrumbList\",\"@id\":\"https:\/\/ecosourcing24.com\/zertifizierungen\/sustainability-reporting-standard-sri\/#breadcrumb\",\"itemListElement\":[{\"@type\":\"ListItem\",\"position\":1,\"name\":\"Startseite\",\"item\":\"https:\/\/ecosourcing24.com\/zertifizierungen\/\"},{\"@type\":\"ListItem\",\"position\":2,\"name\":\"Standards f\u00fcr Berichterstattung\"}]},{\"@type\":\"WebSite\",\"@id\":\"https:\/\/ecosourcing24.com\/zertifizierungen\/#website\",\"url\":\"https:\/\/ecosourcing24.com\/zertifizierungen\/\",\"name\":\"ECOSOURCING24 ZERTIFIZIERUNGEN\",\"description\":\"Produktzertifikate, Managementzertifikate, Standards f\u00fcr die Berichterstattung\",\"potentialAction\":[{\"@type\":\"SearchAction\",\"target\":{\"@type\":\"EntryPoint\",\"urlTemplate\":\"https:\/\/ecosourcing24.com\/zertifizierungen\/?s={search_term_string}\"},\"query-input\":\"required name=search_term_string\"}],\"inLanguage\":\"de\"}]}<\/script>\n<!-- \/ Yoast SEO plugin. -->","yoast_head_json":{"title":"Standards f\u00fcr die CSR -Berichterstattung","description":"Die Nachhaltigkeit fu\u00dft auf drei S\u00e4ulen und ist aus diesem Grund schwer \u00fcberschaubar. Dar\u00fcber hinaus sagt die Berichterstattung nur wenig \u00fcber die tats\u00e4chliche Nachhaltigkeit eines Unternehmens aus.","robots":{"index":"index","follow":"follow","max-snippet":"max-snippet:-1","max-image-preview":"max-image-preview:large","max-video-preview":"max-video-preview:-1"},"canonical":"https:\/\/ecosourcing24.com\/zertifizierungen\/sustainability-reporting-standard-sri\/","og_locale":"de_DE","og_type":"article","og_title":"Standards f\u00fcr die CSR -Berichterstattung","og_description":"Die Nachhaltigkeit fu\u00dft auf drei S\u00e4ulen und ist aus diesem Grund schwer \u00fcberschaubar. Dar\u00fcber hinaus sagt die Berichterstattung nur wenig \u00fcber die tats\u00e4chliche Nachhaltigkeit eines Unternehmens aus.","og_url":"https:\/\/ecosourcing24.com\/zertifizierungen\/sustainability-reporting-standard-sri\/","og_site_name":"ECOSOURCING24 ZERTIFIZIERUNGEN","article_publisher":"https:\/\/www.facebook.com\/HalloNachhaltigkeitde-Nachhaltige-Hersteller-111083121247062","article_modified_time":"2022-09-30T18:45:30+00:00","twitter_card":"summary_large_image","twitter_misc":{"Gesch\u00e4tzte Lesezeit":"1\u00a0Minute"},"schema":{"@context":"https:\/\/schema.org","@graph":[{"@type":"WebPage","@id":"https:\/\/ecosourcing24.com\/zertifizierungen\/sustainability-reporting-standard-sri\/","url":"https:\/\/ecosourcing24.com\/zertifizierungen\/sustainability-reporting-standard-sri\/","name":"Standards f\u00fcr die CSR -Berichterstattung","isPartOf":{"@id":"https:\/\/ecosourcing24.com\/zertifizierungen\/#website"},"datePublished":"2022-09-27T09:54:45+00:00","dateModified":"2022-09-30T18:45:30+00:00","description":"Die Nachhaltigkeit fu\u00dft auf drei S\u00e4ulen und ist aus diesem Grund schwer \u00fcberschaubar. Dar\u00fcber hinaus sagt die Berichterstattung nur wenig \u00fcber die tats\u00e4chliche Nachhaltigkeit eines Unternehmens aus.","breadcrumb":{"@id":"https:\/\/ecosourcing24.com\/zertifizierungen\/sustainability-reporting-standard-sri\/#breadcrumb"},"inLanguage":"de","potentialAction":[{"@type":"ReadAction","target":["https:\/\/ecosourcing24.com\/zertifizierungen\/sustainability-reporting-standard-sri\/"]}]},{"@type":"BreadcrumbList","@id":"https:\/\/ecosourcing24.com\/zertifizierungen\/sustainability-reporting-standard-sri\/#breadcrumb","itemListElement":[{"@type":"ListItem","position":1,"name":"Startseite","item":"https:\/\/ecosourcing24.com\/zertifizierungen\/"},{"@type":"ListItem","position":2,"name":"Standards f\u00fcr Berichterstattung"}]},{"@type":"WebSite","@id":"https:\/\/ecosourcing24.com\/zertifizierungen\/#website","url":"https:\/\/ecosourcing24.com\/zertifizierungen\/","name":"ECOSOURCING24 ZERTIFIZIERUNGEN","description":"Produktzertifikate, Managementzertifikate, Standards f\u00fcr die Berichterstattung","potentialAction":[{"@type":"SearchAction","target":{"@type":"EntryPoint","urlTemplate":"https:\/\/ecosourcing24.com\/zertifizierungen\/?s={search_term_string}"},"query-input":"required name=search_term_string"}],"inLanguage":"de"}]}},"_links":{"self":[{"href":"https:\/\/ecosourcing24.com\/zertifizierungen\/wp-json\/wp\/v2\/pages\/33","targetHints":{"allow":["GET"]}}],"collection":[{"href":"https:\/\/ecosourcing24.com\/zertifizierungen\/wp-json\/wp\/v2\/pages"}],"about":[{"href":"https:\/\/ecosourcing24.com\/zertifizierungen\/wp-json\/wp\/v2\/types\/page"}],"author":[{"embeddable":true,"href":"https:\/\/ecosourcing24.com\/zertifizierungen\/wp-json\/wp\/v2\/users\/1"}],"replies":[{"embeddable":true,"href":"https:\/\/ecosourcing24.com\/zertifizierungen\/wp-json\/wp\/v2\/comments?post=33"}],"version-history":[{"count":5,"href":"https:\/\/ecosourcing24.com\/zertifizierungen\/wp-json\/wp\/v2\/pages\/33\/revisions"}],"predecessor-version":[{"id":61,"href":"https:\/\/ecosourcing24.com\/zertifizierungen\/wp-json\/wp\/v2\/pages\/33\/revisions\/61"}],"wp:attachment":[{"href":"https:\/\/ecosourcing24.com\/zertifizierungen\/wp-json\/wp\/v2\/media?parent=33"}],"curies":[{"name":"wp","href":"https:\/\/api.w.org\/{rel}","templated":true}]}}